{"id":109,"date":"2024-11-13T18:57:17","date_gmt":"2024-11-13T18:57:17","guid":{"rendered":"https:\/\/dionepoxy.de\/?page_id=109"},"modified":"2024-11-13T18:57:18","modified_gmt":"2024-11-13T18:57:18","slug":"haufige-fragen-faq","status":"publish","type":"page","link":"https:\/\/dionepoxy.de\/?page_id=109","title":{"rendered":"H\u00e4ufige Fragen (FAQ)"},"content":{"rendered":"\n<ol class=\"wp-block-list\">\n<li><strong>Wie pflege ich einen Epoxidharzboden?<\/strong><\/li>\n<\/ol>\n\n\n\n<p>Epoxidharzb\u00f6den sind besonders pflegeleicht. Sie k\u00f6nnen regelm\u00e4\u00dfig mit einem Besen oder Staubsauger gereinigt werden, um losen Schmutz zu entfernen. F\u00fcr die gr\u00fcndlichere Reinigung empfiehlt sich warmes Wasser und ein neutraler Reiniger \u2013 so bleiben Glanz und Struktur des Bodens erhalten. Verzichten Sie auf aggressive, s\u00e4urehaltige oder stark scheuernde Reinigungsmittel, um die Oberfl\u00e4che nicht zu besch\u00e4digen.<\/p>\n\n\n\n<ol start=\"2\" class=\"wp-block-list\">\n<li><strong>Wie lange dauert die Installation einer Epoxidharz-Bodenbeschichtung?<\/strong><\/li>\n<\/ol>\n\n\n\n<p>Die Dauer der Installation h\u00e4ngt von der Fl\u00e4che und den speziellen Anforderungen ab, in der Regel dauert es jedoch zwischen 2 und 5 Tagen. Die einzelnen Schritte umfassen die Vorbereitung der Oberfl\u00e4che, das Auftragen der Epoxidharzschicht und die Trocknungsphase.<\/p>\n\n\n\n<ol start=\"3\" class=\"wp-block-list\">\n<li><strong>F\u00fcr welche Bereiche eignet sich eine Epoxidharz-Bodenbeschichtung?<\/strong><\/li>\n<\/ol>\n\n\n\n<p>Epoxidharz-B\u00f6den eignen sich f\u00fcr eine Vielzahl von Anwendungen, darunter:<br>\u2022 Industrieb\u00f6den (Werkst\u00e4tten, Lagerhallen) \u2013 dank ihrer hohen Belastbarkeit und Chemikalienbest\u00e4ndigkeit<br>\u2022 Gewerbliche R\u00e4ume (Einzelhandel, B\u00fcros) \u2013 \u00e4sthetisch anpassbar und pflegeleicht<br>\u2022 Wohnbereiche (K\u00fcche, Badezimmer, Balkon , Keller, Garage) \u2013 hygienisch und modern<\/p>\n\n\n\n<p>Diese B\u00f6den sind ideal f\u00fcr alle Bereiche, in denen Langlebigkeit und einfache Reinigung gefragt sind.<\/p>\n\n\n\n<ol start=\"4\" class=\"wp-block-list\">\n<li><strong>Wie lange h\u00e4lt eine Epoxidharz-Bodenbeschichtung?<\/strong><\/li>\n<\/ol>\n\n\n\n<p>Bei fachgerechter Installation und Pflege kann eine Epoxidharz-Bodenbeschichtung je nach Beanspruchung viele Jahre halten. In industriellen und stark beanspruchten Bereichen liegt die Lebensdauer meist bei 10-15 Jahren, in privaten Wohnbereichen oft deutlich l\u00e4nger. Regelm\u00e4\u00dfige Pflege und die Vermeidung von scharfen oder scheuernden Mitteln k\u00f6nnen die Haltbarkeit weiter verl\u00e4ngern.<\/p>\n\n\n\n<ol start=\"5\" class=\"wp-block-list\">\n<li><strong>Ist eine Epoxidharz-Bodenbeschichtung rutschfest?<\/strong><\/li>\n<\/ol>\n\n\n\n<p>Ja, Epoxidharz-B\u00f6den k\u00f6nnen in verschiedenen Rutschfestigkeitsstufen angeboten werden, um die Sicherheit in verschiedenen Bereichen zu gew\u00e4hrleisten. Besonders f\u00fcr stark frequentierte oder feuchte Bereiche bieten wir rutschhemmende Optionen an.<\/p>\n","protected":false},"excerpt":{"rendered":"<p>Epoxidharzb\u00f6den sind besonders pflegeleicht. Sie k\u00f6nnen regelm\u00e4\u00dfig mit einem Besen oder Staubsauger gereinigt werden, um losen Schmutz zu entfernen. F\u00fcr die gr\u00fcndlichere Reinigung empfiehlt sich warmes Wasser und ein neutraler&hellip;<\/p>\n","protected":false},"author":1,"featured_media":0,"parent":0,"menu_order":0,"comment_status":"closed","ping_status":"closed","template":"","meta":{"footnotes":""},"class_list":["post-109","page","type-page","status-publish","hentry"],"_links":{"self":[{"href":"https:\/\/dionepoxy.de\/index.php?rest_route=\/wp\/v2\/pages\/109","targetHints":{"allow":["GET"]}}],"collection":[{"href":"https:\/\/dionepoxy.de\/index.php?rest_route=\/wp\/v2\/pages"}],"about":[{"href":"https:\/\/dionepoxy.de\/index.php?rest_route=\/wp\/v2\/types\/page"}],"author":[{"embeddable":true,"href":"https:\/\/dionepoxy.de\/index.php?rest_route=\/wp\/v2\/users\/1"}],"replies":[{"embeddable":true,"href":"https:\/\/dionepoxy.de\/index.php?rest_route=%2Fwp%2Fv2%2Fcomments&post=109"}],"version-history":[{"count":1,"href":"https:\/\/dionepoxy.de\/index.php?rest_route=\/wp\/v2\/pages\/109\/revisions"}],"predecessor-version":[{"id":110,"href":"https:\/\/dionepoxy.de\/index.php?rest_route=\/wp\/v2\/pages\/109\/revisions\/110"}],"wp:attachment":[{"href":"https:\/\/dionepoxy.de\/index.php?rest_route=%2Fwp%2Fv2%2Fmedia&parent=109"}],"curies":[{"name":"wp","href":"https:\/\/api.w.org\/{rel}","templated":true}]}}